{"id":21600,"date":"2021-12-08T16:38:40","date_gmt":"2021-12-08T15:38:40","guid":{"rendered":"https:\/\/ei-design.org\/es\/?post_type=product&#038;p=21600"},"modified":"2024-08-01T12:02:33","modified_gmt":"2024-08-01T10:02:33","slug":"limosna-ceramic-body-for-leandro-cano","status":"publish","type":"product","link":"https:\/\/ei-design.org\/es\/product\/limosna-ceramic-body-for-leandro-cano\/","title":{"rendered":"Ceramic body by Leandro Cano"},"content":{"rendered":"<p><span class=\"VIiyi\" lang=\"en\" style=\"font-size: 110%; color: #282828;\"><span class=\"JLqJ4b ChMk0b\" data-language-for-alternatives=\"en\" data-language-to-translate-into=\"es\" data-phrase-index=\"0\">Body Limosna es una obra de Luis Torres en colaboraci\u00f3n con el dise\u00f1ador espa\u00f1ol Leandro Cano dentro de su colecci\u00f3n de moda-arte OFRENDA, presentada en la Semana de la Moda de Par\u00eds 2019. La obra de arte en cer\u00e1mica est\u00e1 realizada en base al estilo del dise\u00f1ador de moda y<\/span> <span class=\"JLqJ4b ChMk0b\" data-language-for-alternatives=\"en\" data-language-to-translate-into=\"es\" data-phrase-index=\"1\">su colecci\u00f3n, inspirada en la aparici\u00f3n del flamenco en El Sacromonte de Granada, Espa\u00f1a.<\/span><\/span><\/p>\n<h4 style=\"text-align: center;\"><\/h4>\n<p class=\"MsoNormal\" style=\"background-image: initial; background-position: initial; background-size: initial; background-repeat: initial; background-attachment: initial; background-origin: initial; background-clip: initial; margin-bottom: 0cm; line-height: normal; text-align: center;\"><!--more--><\/p>\n<p style=\"text-align: center;\"><img loading=\"lazy\" class=\"aligncenter wp-image-23160\" src=\"https:\/\/ei-design.org\/wp-content\/uploads\/2021\/09\/baja-limosna_luis_torres_ceramics-267x400.jpg\" alt=\"\" width=\"600\" height=\"900\" srcset=\"https:\/\/ei-design.org\/wp-content\/uploads\/2021\/09\/baja-limosna_luis_torres_ceramics-267x400.jpg 267w, https:\/\/ei-design.org\/wp-content\/uploads\/2021\/09\/baja-limosna_luis_torres_ceramics-533x800.jpg 533w, https:\/\/ei-design.org\/wp-content\/uploads\/2021\/09\/baja-limosna_luis_torres_ceramics-768x1152.jpg 768w, https:\/\/ei-design.org\/wp-content\/uploads\/2021\/09\/baja-limosna_luis_torres_ceramics-8x12.jpg 8w, https:\/\/ei-design.org\/wp-content\/uploads\/2021\/09\/baja-limosna_luis_torres_ceramics-600x900.jpg 600w, https:\/\/ei-design.org\/wp-content\/uploads\/2021\/09\/baja-limosna_luis_torres_ceramics.jpg 1000w\" sizes=\"(max-width: 600px) 100vw, 600px\" \/><\/p>\n<p><!--more--><\/p>\n<p><span class=\"VIiyi\" lang=\"en\" style=\"font-size: 110%; color: #282828;\"><span class=\"JLqJ4b\" data-language-for-alternatives=\"en\" data-language-to-translate-into=\"es\" data-phrase-index=\"0\">La obra de arte cuenta una historia. Los pueblos andaluces son un remanso de paz para muchos. Pero a\u00f1os atr\u00e1s, en la memoria de Luis Torres o incluso de sus padres o abuelos, cuando internet no exist\u00eda, no hab\u00eda tanta tecnolog\u00eda y la globalizaci\u00f3n a\u00fan no los hab\u00eda conectado tanto con el exterior, creando una burbuja perfecta para los ni\u00f1os que crec\u00edan en plena felicidad y tranquilidad.<\/span><\/span><\/p>\n<p><span style=\"font-size: 110%; color: #282828;\">Esta obra contiene todos los elementos que surgen de esos recuerdos de Luis Torres y Leandro Cano, ambos de peque\u00f1os pueblos del sur de Espa\u00f1a. La vegetaci\u00f3n que aguanta el calor: pitas, chumberas, etc. El colorido campo en primavera gracias a las amapolas, margaritas o azucenas. Los patios decorados con macetas y claveles o geranios, como hoy son admirados en la fiesta de los Patios de C\u00f3rdoba. Todo daba color a los peque\u00f1os mont\u00edculos de casas encaladas dispuestas sueltas a lo largo de una colina. Un pueblo andaluz. La vida principal de las calles eran los ni\u00f1os que jugaban mientras los obreros trabajaban o sus abuelos les preparaban un bocadillo. Un bocadillo o un hoyo de pan, no solo para los nietos sino tambi\u00e9n para todos los ni\u00f1os que los acompa\u00f1aban cuando su abuela les llamaba para que fueran a por \u00e9l. Los juegos, los juegos de los ni\u00f1os, que vienen de la imaginaci\u00f3n. No estaban en ning\u00fan dispositivo. Un juguete tradicional como mucho. La m\u00fasica, el canto y el baile eran a menudo el juego en s\u00ed. Si el hoyo del pan les daba sed, deb\u00edan beber de un botijo \u200b\u200b(una jarra de agua de cer\u00e1mica tradicional espa\u00f1ola). Los ni\u00f1os jugaban sin ser conscientes de nada m\u00e1s, pero con principios, valores y, a veces, la espiritualidad muy clara que les hac\u00eda sentir la importancia de sus ra\u00edces.<\/span><\/p>\n<p><!--more--><\/p>\n<p>&nbsp;<\/p>\n<p><img loading=\"lazy\" class=\"aligncenter wp-image-23156\" src=\"https:\/\/ei-design.org\/wp-content\/uploads\/2021\/09\/def-limosna_bodysuit_luis_torres_ceramics_leandro_cano-394x400.jpg\" alt=\"\" width=\"600\" height=\"610\" srcset=\"https:\/\/ei-design.org\/wp-content\/uploads\/2021\/09\/def-limosna_bodysuit_luis_torres_ceramics_leandro_cano-394x400.jpg 394w, https:\/\/ei-design.org\/wp-content\/uploads\/2021\/09\/def-limosna_bodysuit_luis_torres_ceramics_leandro_cano-12x12.jpg 12w, https:\/\/ei-design.org\/wp-content\/uploads\/2021\/09\/def-limosna_bodysuit_luis_torres_ceramics_leandro_cano-600x610.jpg 600w, https:\/\/ei-design.org\/wp-content\/uploads\/2021\/09\/def-limosna_bodysuit_luis_torres_ceramics_leandro_cano.jpg 752w\" sizes=\"(max-width: 600px) 100vw, 600px\" \/><\/p>\n<p><!--more--><\/p>\n<p><span class=\"VIiyi\" lang=\"en\" style=\"font-size: 110%; color: #282828;\"><span class=\"JLqJ4b\" data-language-for-alternatives=\"en\" data-language-to-translate-into=\"es\" data-phrase-index=\"0\">Toda la obra de arte fue modelada a mano, a medida, en gres y cocci\u00f3n a fuego alto con esmaltes cer\u00e1micos.<\/span><\/span><\/p>\n<p><span style=\"font-size: 110%; color: #282828;\"><span class=\"VIiyi\" lang=\"en\"><span class=\"JLqJ4b\" data-language-for-alternatives=\"en\" data-language-to-translate-into=\"es\" data-phrase-index=\"0\">Tanto las formas como el color conforman un conjunto armonioso debido a la simetr\u00eda y al tono beige neutro de todas las piezas del cuerpo y del sombrero. Las figuras aportan policrom\u00eda y contraste, aunque se ha intentado mantener una gama de colores naturales, no demasiado vivos, para contrarrestar el brillo natural de la cer\u00e1mica y para que el sentido de la historia cobrara vida detr\u00e1s del dise\u00f1o, el concepto de memoria. <\/span><\/span><span class=\"VIiyi\" lang=\"en\"><span class=\"JLqJ4b\" data-language-for-alternatives=\"en\" data-language-to-translate-into=\"es\" data-phrase-index=\"0\">from children&#8217;s play of decades past<\/span><\/span><span class=\"VIiyi\" lang=\"en\"><span class=\"JLqJ4b\" data-language-for-alternatives=\"en\" data-language-to-translate-into=\"es\" data-phrase-index=\"0\">, is not lost.<\/span><\/span><\/span><\/p>\n<p><span style=\"font-size: 110%; color: #282828;\">Los motivos vegetales son los de Andaluc\u00eda, tanto los que se encuentran en estado silvestre en el campo (chumberas, pitas, margaritas), como los que suelen adornar las macetas de los patios.<\/span><\/p>\n<p><span style=\"font-size: 110%; color: #282828;\">Las casas blancas, con techos de tejas de barro local, algunas de ellas un poco ruinosas y con musgo o arbustos en los techos. Peque\u00f1os ventanales, gruesos muros y fachadas encaladas son tambi\u00e9n elementos t\u00edpicos del sur.<\/span><\/p>\n<p><!--more--><\/p>\n<p><img loading=\"lazy\" class=\"aligncenter wp-image-23158\" src=\"https:\/\/ei-design.org\/wp-content\/uploads\/2021\/09\/foto_por_Candela_pliego2_limosna_luis_torres_x_leandro_cano_semana_moda_paris-600x900-1-267x400.jpg\" alt=\"\" width=\"600\" height=\"900\" srcset=\"https:\/\/ei-design.org\/wp-content\/uploads\/2021\/09\/foto_por_Candela_pliego2_limosna_luis_torres_x_leandro_cano_semana_moda_paris-600x900-1-267x400.jpg 267w, https:\/\/ei-design.org\/wp-content\/uploads\/2021\/09\/foto_por_Candela_pliego2_limosna_luis_torres_x_leandro_cano_semana_moda_paris-600x900-1-533x800.jpg 533w, https:\/\/ei-design.org\/wp-content\/uploads\/2021\/09\/foto_por_Candela_pliego2_limosna_luis_torres_x_leandro_cano_semana_moda_paris-600x900-1-8x12.jpg 8w, https:\/\/ei-design.org\/wp-content\/uploads\/2021\/09\/foto_por_Candela_pliego2_limosna_luis_torres_x_leandro_cano_semana_moda_paris-600x900-1.jpg 600w\" sizes=\"(max-width: 600px) 100vw, 600px\" \/><\/p>\n<p><!--more--><\/p>\n<p><span class=\"VIiyi\" lang=\"en\" style=\"font-size: 110%; color: #282828;\"><span class=\"JLqJ4b\" data-language-for-alternatives=\"en\" data-language-to-translate-into=\"es\" data-phrase-index=\"0\">Los ni\u00f1os tienen posturas de torsi\u00f3n simulando bailes y juegos flamencos. Sus prendas, con elementos de la moda tradicional andaluza: volantes, faldas de vuelo, lunares, chalecos cortos\u2026<\/span><\/span><\/p>\n<p><span style=\"font-size: 110%; color: #282828;\">Aparecen elementos de la vida cotidiana de los pueblos andaluces, el pan y el plato sobre la mesa al sentarse a comer. La jarra, en este caso con el color y la forma t\u00edpica del botijo \u200b\u200bblanco de La Rambla (C\u00f3rdoba), pueblo de Luis Torres, como homenaje del autor a la tradici\u00f3n alfarera de su pueblo.<\/span><\/p>\n<p><span style=\"font-size: 110%; color: #282828;\"><span class=\"VIiyi\" lang=\"en\"><span class=\"JLqJ4b\" data-language-for-alternatives=\"en\" data-language-to-translate-into=\"es\" data-phrase-index=\"0\">El g<\/span><\/span><span class=\"VIiyi\" lang=\"en\"><span class=\"JLqJ4b\" data-language-for-alternatives=\"en\" data-language-to-translate-into=\"es\" data-phrase-index=\"0\">abuela es la cuidadora de todos ellos. Est\u00e1 vestida con un chal, un chal manila, ropas oscuras que la cubren casi por completo, probablemente porque est\u00e1 de luto.<\/span><\/span><\/span><\/p>\n<p>&nbsp;<\/p>","protected":false},"excerpt":{"rendered":"<p style=\"text-align: center;\"><strong><span style=\"font-size: 120%; color: #282828;\">Body y sombrero de cer\u00e1mica para el dise\u00f1ador espa\u00f1ol Leandro Cano<\/span><\/strong><\/p>\n<p style=\"text-align: center;\"><span style=\"color: #ffffff;\">&#8211;<\/span><\/p>","protected":false},"featured_media":23484,"template":"","meta":[],"_links":{"self":[{"href":"https:\/\/ei-design.org\/es\/wp-json\/wp\/v2\/product\/21600"}],"collection":[{"href":"https:\/\/ei-design.org\/es\/wp-json\/wp\/v2\/product"}],"about":[{"href":"https:\/\/ei-design.org\/es\/wp-json\/wp\/v2\/types\/product"}],"wp:featuredmedia":[{"embeddable":true,"href":"https:\/\/ei-design.org\/es\/wp-json\/wp\/v2\/media\/23484"}],"wp:attachment":[{"href":"https:\/\/ei-design.org\/es\/wp-json\/wp\/v2\/media?parent=21600"}],"curies":[{"name":"wp","href":"https:\/\/api.w.org\/{rel}","templated":true}]}}

<p><span class="VIiyi" lang="en" style="font-size: 110%; color: #282828;"><span class="JLqJ4b ChMk0b" data-language-for-alternatives="en" data-language-to-translate-into="es" data-phrase-index="0">Body Limosna es una obra de Luis Torres en colaboración con el diseñador español Leandro Cano dentro de su colección de moda-arte OFRENDA, presentada en la Semana de la Moda de París 2019. La obra de arte en cerámica está realizada en base al estilo del diseñador de moda y</span> <span class="JLqJ4b ChMk0b" data-language-for-alternatives="en" data-language-to-translate-into="es" data-phrase-index="1">su colección, inspirada en la aparición del flamenco en El Sacromonte de Granada, España.</span></span></p>
<h4 style="text-align: center;"></h4>
<p class="MsoNormal" style="background-image: initial; background-position: initial; background-size: initial; background-repeat: initial; background-attachment: initial; background-origin: initial; background-clip: initial; margin-bottom: 0cm; line-height: normal; text-align: center;"><!--more--></p>
<p style="text-align: center;"><img loading="lazy" class="aligncenter wp-image-23160" src="https://ei-design.org/wp-content/uploads/2021/09/baja-limosna_luis_torres_ceramics-267x400.jpg" alt="" width="600" height="900" srcset="https://ei-design.org/wp-content/uploads/2021/09/baja-limosna_luis_torres_ceramics-267x400.jpg 267w, https://ei-design.org/wp-content/uploads/2021/09/baja-limosna_luis_torres_ceramics-533x800.jpg 533w, https://ei-design.org/wp-content/uploads/2021/09/baja-limosna_luis_torres_ceramics-768x1152.jpg 768w, https://ei-design.org/wp-content/uploads/2021/09/baja-limosna_luis_torres_ceramics-8x12.jpg 8w, https://ei-design.org/wp-content/uploads/2021/09/baja-limosna_luis_torres_ceramics-600x900.jpg 600w, https://ei-design.org/wp-content/uploads/2021/09/baja-limosna_luis_torres_ceramics.jpg 1000w" sizes="(max-width: 600px) 100vw, 600px" /></p>
<p><!--more--></p>
<p><span class="VIiyi" lang="en" style="font-size: 110%; color: #282828;"><span class="JLqJ4b" data-language-for-alternatives="en" data-language-to-translate-into="es" data-phrase-index="0">La obra de arte cuenta una historia. Los pueblos andaluces son un remanso de paz para muchos. Pero años atrás, en la memoria de Luis Torres o incluso de sus padres o abuelos, cuando internet no existía, no había tanta tecnología y la globalización aún no los había conectado tanto con el exterior, creando una burbuja perfecta para los niños que crecían en plena felicidad y tranquilidad.</span></span></p>
<p><span style="font-size: 110%; color: #282828;">Esta obra contiene todos los elementos que surgen de esos recuerdos de Luis Torres y Leandro Cano, ambos de pequeños pueblos del sur de España. La vegetación que aguanta el calor: pitas, chumberas, etc. El colorido campo en primavera gracias a las amapolas, margaritas o azucenas. Los patios decorados con macetas y claveles o geranios, como hoy son admirados en la fiesta de los Patios de Córdoba. Todo daba color a los pequeños montículos de casas encaladas dispuestas sueltas a lo largo de una colina. Un pueblo andaluz. La vida principal de las calles eran los niños que jugaban mientras los obreros trabajaban o sus abuelos les preparaban un bocadillo. Un bocadillo o un hoyo de pan, no solo para los nietos sino también para todos los niños que los acompañaban cuando su abuela les llamaba para que fueran a por él. Los juegos, los juegos de los niños, que vienen de la imaginación. No estaban en ningún dispositivo. Un juguete tradicional como mucho. La música, el canto y el baile eran a menudo el juego en sí. Si el hoyo del pan les daba sed, debían beber de un botijo ​​(una jarra de agua de cerámica tradicional española). Los niños jugaban sin ser conscientes de nada más, pero con principios, valores y, a veces, la espiritualidad muy clara que les hacía sentir la importancia de sus raíces.</span></p>
<p><!--more--></p>
<p>&nbsp;</p>
<p><img loading="lazy" class="aligncenter wp-image-23156" src="https://ei-design.org/wp-content/uploads/2021/09/def-limosna_bodysuit_luis_torres_ceramics_leandro_cano-394x400.jpg" alt="" width="600" height="610" srcset="https://ei-design.org/wp-content/uploads/2021/09/def-limosna_bodysuit_luis_torres_ceramics_leandro_cano-394x400.jpg 394w, https://ei-design.org/wp-content/uploads/2021/09/def-limosna_bodysuit_luis_torres_ceramics_leandro_cano-12x12.jpg 12w, https://ei-design.org/wp-content/uploads/2021/09/def-limosna_bodysuit_luis_torres_ceramics_leandro_cano-600x610.jpg 600w, https://ei-design.org/wp-content/uploads/2021/09/def-limosna_bodysuit_luis_torres_ceramics_leandro_cano.jpg 752w" sizes="(max-width: 600px) 100vw, 600px" /></p>
<p><!--more--></p>
<p><span class="VIiyi" lang="en" style="font-size: 110%; color: #282828;"><span class="JLqJ4b" data-language-for-alternatives="en" data-language-to-translate-into="es" data-phrase-index="0">Toda la obra de arte fue modelada a mano, a medida, en gres y cocción a fuego alto con esmaltes cerámicos.</span></span></p>
<p><span style="font-size: 110%; color: #282828;"><span class="VIiyi" lang="en"><span class="JLqJ4b" data-language-for-alternatives="en" data-language-to-translate-into="es" data-phrase-index="0">Tanto las formas como el color conforman un conjunto armonioso debido a la simetría y al tono beige neutro de todas las piezas del cuerpo y del sombrero. Las figuras aportan policromía y contraste, aunque se ha intentado mantener una gama de colores naturales, no demasiado vivos, para contrarrestar el brillo natural de la cerámica y para que el sentido de la historia cobrara vida detrás del diseño, el concepto de memoria. </span></span><span class="VIiyi" lang="en"><span class="JLqJ4b" data-language-for-alternatives="en" data-language-to-translate-into="es" data-phrase-index="0">from children&#8217;s play of decades past</span></span><span class="VIiyi" lang="en"><span class="JLqJ4b" data-language-for-alternatives="en" data-language-to-translate-into="es" data-phrase-index="0">, is not lost.</span></span></span></p>
<p><span style="font-size: 110%; color: #282828;">Los motivos vegetales son los de Andalucía, tanto los que se encuentran en estado silvestre en el campo (chumberas, pitas, margaritas), como los que suelen adornar las macetas de los patios.</span></p>
<p><span style="font-size: 110%; color: #282828;">Las casas blancas, con techos de tejas de barro local, algunas de ellas un poco ruinosas y con musgo o arbustos en los techos. Pequeños ventanales, gruesos muros y fachadas encaladas son también elementos típicos del sur.</span></p>
<p><!--more--></p>
<p><img loading="lazy" class="aligncenter wp-image-23158" src="https://ei-design.org/wp-content/uploads/2021/09/foto_por_Candela_pliego2_limosna_luis_torres_x_leandro_cano_semana_moda_paris-600x900-1-267x400.jpg" alt="" width="600" height="900" srcset="https://ei-design.org/wp-content/uploads/2021/09/foto_por_Candela_pliego2_limosna_luis_torres_x_leandro_cano_semana_moda_paris-600x900-1-267x400.jpg 267w, https://ei-design.org/wp-content/uploads/2021/09/foto_por_Candela_pliego2_limosna_luis_torres_x_leandro_cano_semana_moda_paris-600x900-1-533x800.jpg 533w, https://ei-design.org/wp-content/uploads/2021/09/foto_por_Candela_pliego2_limosna_luis_torres_x_leandro_cano_semana_moda_paris-600x900-1-8x12.jpg 8w, https://ei-design.org/wp-content/uploads/2021/09/foto_por_Candela_pliego2_limosna_luis_torres_x_leandro_cano_semana_moda_paris-600x900-1.jpg 600w" sizes="(max-width: 600px) 100vw, 600px" /></p>
<p><!--more--></p>
<p><span class="VIiyi" lang="en" style="font-size: 110%; color: #282828;"><span class="JLqJ4b" data-language-for-alternatives="en" data-language-to-translate-into="es" data-phrase-index="0">Los niños tienen posturas de torsión simulando bailes y juegos flamencos. Sus prendas, con elementos de la moda tradicional andaluza: volantes, faldas de vuelo, lunares, chalecos cortos…</span></span></p>
<p><span style="font-size: 110%; color: #282828;">Aparecen elementos de la vida cotidiana de los pueblos andaluces, el pan y el plato sobre la mesa al sentarse a comer. La jarra, en este caso con el color y la forma típica del botijo ​​blanco de La Rambla (Córdoba), pueblo de Luis Torres, como homenaje del autor a la tradición alfarera de su pueblo.</span></p>
<p><span style="font-size: 110%; color: #282828;"><span class="VIiyi" lang="en"><span class="JLqJ4b" data-language-for-alternatives="en" data-language-to-translate-into="es" data-phrase-index="0">El g</span></span><span class="VIiyi" lang="en"><span class="JLqJ4b" data-language-for-alternatives="en" data-language-to-translate-into="es" data-phrase-index="0">abuela es la cuidadora de todos ellos. Está vestida con un chal, un chal manila, ropas oscuras que la cubren casi por completo, probablemente porque está de luto.</span></span></span></p>
<p>&nbsp;</p>

<p style="text-align: center;"><strong><span style="font-size: 120%; color: #282828;">Body y sombrero de cerámica para el diseñador español Leandro Cano</span></strong></p>
<p style="text-align: center;"><span style="color: #ffffff;">&#8211;</span></p>
